{"id":536,"date":"2021-03-11T10:01:02","date_gmt":"2021-03-11T09:01:02","guid":{"rendered":"https:\/\/borekstary.przemyska.pl\/?page_id=536"},"modified":"2025-08-18T11:11:09","modified_gmt":"2025-08-18T09:11:09","slug":"pogrzeb","status":"publish","type":"page","link":"https:\/\/borekstary.przemyska.pl\/index.php\/pogrzeb\/","title":{"rendered":"Pogrzeb"},"content":{"rendered":"<p style=\"text-align: left;\"><img loading=\"lazy\" decoding=\"async\" class=\"alignleft wp-image-871 \" src=\"https:\/\/borekstary.przemyska.pl\/wp-content\/uploads\/2021\/03\/kaplica-cmentarna-1-300x158.jpg\" alt=\"\" width=\"332\" height=\"175\" srcset=\"https:\/\/borekstary.przemyska.pl\/wp-content\/uploads\/2021\/03\/kaplica-cmentarna-1-300x158.jpg 300w, https:\/\/borekstary.przemyska.pl\/wp-content\/uploads\/2021\/03\/kaplica-cmentarna-1-768x404.jpg 768w, https:\/\/borekstary.przemyska.pl\/wp-content\/uploads\/2021\/03\/kaplica-cmentarna-1.jpg 1024w\" sizes=\"auto, (max-width: 332px) 100vw, 332px\" \/><strong>Pogrzeb<\/strong> jest czynno\u015bci\u0105 liturgiczn\u0105 nawi\u0105zuj\u0105c\u0105 do religijno\u015bci zmar\u0142ego i wyrazem wiary jego rodziny.<\/p>\n<p><strong>Dat\u0119 i godzin\u0119 pogrzebu rodzina ustala w kancelarii parafialnej<\/strong>, przedstawiaj\u0105c nast\u0119puj\u0105ce dokumenty:<\/p>\n<ul>\n<li>akt zgonu z USC,<\/li>\n<li data-start=\"462\" data-end=\"555\">\n<p data-start=\"464\" data-end=\"555\">informacj\u0119 o przyj\u0119ciu sakrament\u00f3w \u015bwi\u0119tych <em>(od kapelana szpitalnego lub innego kap\u0142ana)<\/em>,<\/p>\n<\/li>\n<li data-start=\"556\" data-end=\"679\">\n<p data-start=\"558\" data-end=\"679\">je\u017celi zmar\u0142y zamieszkiwa\u0142 poza terenem naszej parafii \u2013 pisemn\u0105 zgod\u0119 na poch\u00f3wek wystawion\u0105 przez ksi\u0119dza proboszcza.<\/p>\n<\/li>\n<\/ul>\n<p data-start=\"681\" data-end=\"1006\">Tradycja chrze\u015bcija\u0144ska nakazuje wsp\u00f3lne <strong>modlitwy w wieczory poprzedzaj\u0105ce pogrzeb<\/strong> tzw. r\u00f3\u017caniec za zmar\u0142ego\/zmar\u0142\u0105. Mog\u0105 by\u0107 one odmawiane w kaplicy cmentarnej, ko\u015bciele parafialnym, kaplicach dojazdowych lub w domu zmar\u0142ego. Zalecamy jednak, aby rodzina i przyjaciele zmar\u0142ego gromadzili si\u0119 przed pogrzebem na wieczornych Mszach \u015awi\u0119tych, podczas kt\u00f3rych jest okazja do spowiedzi i Komunii \u015awi\u0119tej. Modlitwa, pe\u0142ne uczestnictwo we Mszy \u015awi\u0119tej pogrzebowej i Komunii \u015awi\u0119tej s\u0105 najcenniejszym darem, jaki mo\u017cemy ofiarowa\u0107 zmar\u0142emu.<\/p>\n<p data-start=\"1302\" data-end=\"1581\">Coraz cz\u0119\u015bciej praktykowanym zwyczajem jest sk\u0142adanie zamiast kwiat\u00f3w i wie\u0144c\u00f3w ofiar na Msze \u015awi\u0119te. Tak\u017ce po pogrzebie nale\u017cy zmar\u0142ym zapewni\u0107 sta\u0142\u0105 pomoc modlitewn\u0105, polecaj\u0105c ich Mi\u0142osierdziu Bo\u017cemu w modlitwach osobistych, na cmentarzu, w ko\u015bciele <em>(np. podczas wypominek)<\/em>.<\/p>\n<p data-start=\"1583\" data-end=\"1780\"><strong data-start=\"1583\" data-end=\"1620\">Pogrzeb katolicki nie przys\u0142uguje<\/strong> tym, kt\u00f3rzy \u015bwiadomie i dobrowolnie zerwali \u0142\u0105czno\u015b\u0107 z Ko\u015bcio\u0142em, zmarli bez pokuty w gorsz\u0105cych okoliczno\u015bciach lub uparcie odmawiali przyj\u0119cia sakrament\u00f3w.<\/p>\n","protected":false},"excerpt":{"rendered":"<p>Pogrzeb jest czynno\u015bci\u0105 liturgiczn\u0105 nawi\u0105zuj\u0105c\u0105 do religijno\u015bci zmar\u0142ego i wyrazem wiary jego rodziny. Dat\u0119 i godzin\u0119 pogrzebu rodzina ustala w kancelarii parafialnej, przedstawiaj\u0105c nast\u0119puj\u0105ce dokumenty: akt zgonu z USC, informacj\u0119 o przyj\u0119ciu sakrament\u00f3w \u015bwi\u0119tych (od kapelana szpitalnego lub innego kap\u0142ana), je\u017celi zmar\u0142y zamieszkiwa\u0142 poza terenem naszej parafii \u2013 pisemn\u0105 zgod\u0119 na poch\u00f3wek wystawion\u0105 przez ksi\u0119dza&hellip; <br \/> <a class=\"read-more\" href=\"https:\/\/borekstary.przemyska.pl\/index.php\/pogrzeb\/\">Dowiedz si\u0119 wi\u0119cej<\/a><\/p>\n","protected":false},"author":1,"featured_media":871,"parent":0,"menu_order":0,"comment_status":"closed","ping_status":"closed","template":"","meta":{"footnotes":""},"class_list":["post-536","page","type-page","status-publish","has-post-thumbnail","hentry"],"_links":{"self":[{"href":"https:\/\/borekstary.przemyska.pl\/index.php\/wp-json\/wp\/v2\/pages\/536","targetHints":{"allow":["GET"]}}],"collection":[{"href":"https:\/\/borekstary.przemyska.pl\/index.php\/wp-json\/wp\/v2\/pages"}],"about":[{"href":"https:\/\/borekstary.przemyska.pl\/index.php\/wp-json\/wp\/v2\/types\/page"}],"author":[{"embeddable":true,"href":"https:\/\/borekstary.przemyska.pl\/index.php\/wp-json\/wp\/v2\/users\/1"}],"replies":[{"embeddable":true,"href":"https:\/\/borekstary.przemyska.pl\/index.php\/wp-json\/wp\/v2\/comments?post=536"}],"version-history":[{"count":5,"href":"https:\/\/borekstary.przemyska.pl\/index.php\/wp-json\/wp\/v2\/pages\/536\/revisions"}],"predecessor-version":[{"id":3313,"href":"https:\/\/borekstary.przemyska.pl\/index.php\/wp-json\/wp\/v2\/pages\/536\/revisions\/3313"}],"wp:featuredmedia":[{"embeddable":true,"href":"https:\/\/borekstary.przemyska.pl\/index.php\/wp-json\/wp\/v2\/media\/871"}],"wp:attachment":[{"href":"https:\/\/borekstary.przemyska.pl\/index.php\/wp-json\/wp\/v2\/media?parent=536"}],"curies":[{"name":"wp","href":"https:\/\/api.w.org\/{rel}","templated":true}]}}